se -4*s - 2*u + 938 = 0, s + 37*u - 233 = g*u. Does 47 divide s?
True
Let g(f) be the third derivative of -19*f**4/8 - 5*f**3/6 - 21*f**2. Let i be g(-2). Suppose -2 = y - i. Is y a multiple of 14?
False
Suppose 84*j = 80*j + 1412. Suppose -w = 83 - j. Is 45 a factor of w?
True
Suppose 7*a + 8932 = 2*n, -5*n = -3*a + a - 22330. Does 7 divide n?
True
Let k be (-24)/((-30)/(-5)) - 32. Let x = 153 + k. Is 39 a factor of x?
True
Let b = 940 - -850. Is 5 a factor of b?
True
Suppose 5*o + 3*y - 26 = 6*y, 2*y = 5*o - 24. Suppose -8 = -o*h, -5*h = -2*n + 148 - 50. Is n a multiple of 4?
False
Let d(f) = 6*f**2 - f + 11. Let x(k) = 13*k**2 - 3*k + 24. Let c(w) = 9*d(w) - 4*x(w). Does 17 divide c(5)?
True
Suppose -18*s = -19*s + 3. Suppose s*z - 3*m - 678 = 0, -4*m - 1 = 7. Is z a multiple of 16?
True
Let k(q) = 57*q**2 + 57*q - 133. Is k(14) a multiple of 19?
True
Let b(v) = -474*v**3 - v**2 + 85*v + 86. Is b(-1) a multiple of 31?
False
Let h be (-1 + -5)*299/69. Let n = h - -31. Suppose 2*c - 31 = 5*j, -n*j - 14 = -c - 1. Is 18 a factor of c?
True
Suppose -12*m + 720 = -7*m. Suppose -6 = 3*j - m. Let v = j + 14. Does 6 divide v?
True
Let n = -775 - -1601. Is n a multiple of 4?
False
Suppose 2 = -m + 2*t - 4, -4*t + 12 = 0. Suppose 5*s - 7*p + 6*p = 480, -s - 4*p + 75 = m. Is s a multiple of 59?
False
Let o be ((-264)/(-99))/((-2)/3). Is o/(-24) - (-16751)/42 a multiple of 7?
True
Let o be 7/((-21)/(-576)) - -1. Let b be (66 + 7*(-1)/(-1))*1. Let s = o - b. Is 8 a factor of s?
True
Let n(z) = 26*z**2 - 15*z + 36. Let i(h) = 52*h**2 - 30*h + 73. Let l(r) = -4*i(r) + 7*n(r). Let b be l(5). Is 30 a factor of (-6)/(-9)*b/(-10)?
False
Suppose 2*z = 337 + 435 - 272. Does 4 divide z?
False
Suppose -4*g + 10*f + 16279 = 7*f, 0 = -2*g + 5*f + 8157. Does 107 divide g?
True
Suppose -117*x - 5*x + 3207160 = 75*x. Is 110 a factor of x?
True
Let d(k) = 17*k**2 + 74*k + 14. Suppose -23*a - 84 = -16*a. Is d(a) a multiple of 33?
False
Suppose -t + 27377 = -28*o + 33*o, -109613 = -4*t - 5*o. Is t a multiple of 13?
False
Let p be (-4)/(-1)*(-1518)/(-24). Suppose 6*u + p = h - 430, 3*u - 2651 = -4*h. Is 5 a factor of h?
True
Suppose -4*c + 748 = 2*i, -739 = -4*i + 2*i + 5*c. Let s = i + -264. Is 3 a factor of s?
True
Suppose 0 = -4*h - 6*s + 7*s + 27, 2*s + 12 = 2*h. Is 12 a factor of ((-648)/h)/(111/(-518))?
True
Let k be -5 + 14 + -8 - -5. Let l be (-1)/(-5) - (-95)/25. Is (l/k)/(7/63) a multiple of 2?
True
Suppose -11*o - 10 = -6*o. Let i be (-8)/o + 7/(-7) + -3. Suppose 5*b - 4*n - 452 = i, -n + 3*n - 464 = -5*b. Is b a multiple of 23?
True
Let i(r) = -16*r**3 - 7*r**2 + r + 4. Let q be i(-5). Suppose q = 16*u - 4*u. Is 4 a factor of u?
True
Let u(d) = -d**3 - d**2 - d - 7. Let l be u(-3). Let s(c) = 7 - l*c - 27 - c. Is 10 a factor of s(-8)?
True
Suppose 2*a - 68 = 2*s, 0 = s - 0*a - 5*a + 30. Let t be 10*(s/(-25) + 3). Is (231/t)/(6/56) a multiple of 10?
False
Let p(i) = -i**3 + 64*i**2 - 147*i + 102. Does 11 divide p(31)?
True
Suppose -36*m = 41*m - 977284. Is 38 a factor of m?
True
Suppose 2*y = 8*y - 18. Suppose y*m = 3*r + 2 - 14, 3 = r. Is (-1)/(m + 462/465) a multiple of 15?
False
Let y(m) = 8*m**2 + 43*m + 651. Does 17 divide y(-36)?
False
Let j be (912/120)/(2/5). Suppose -214 - 786 = -5*p. Suppose -17*i - p = -j*i. Is 20 a factor of i?
True
Let w(o) = 72 + 17*o - 43 - 41. Let t be w(1). Suppose -t*i - 3*z + 497 = 0, i + 295 = 4*i + 5*z. Does 5 divide i?
True
Suppose -o = -2*t - 2*t + 110, -5*t + 4*o = -132. Suppose 351 = -46*j + 627. Suppose -t - 584 = -j*z. Does 34 divide z?
True
Suppose -3*r = -p - 3163, -r + 2*p = -765 - 296. Let b = -333 + r. Suppose -10*z + b = -2*z. Is 18 a factor of z?
True
Suppose 5*n = 3*n + 7*n, 36096 = 4*w - 3*n. Does 47 divide w?
True
Is 45 a factor of (-2366)/(-546) + (-5 - 0) - (-72904)/6?
True
Let h(d) = 8*d**2 - 268*d + 555. Is h(57) a multiple of 3?
True
Suppose -3*r + 6 = 0, 2*f = -2*f + 4*r + 44. Suppose f = 3*q - 56. Is q a multiple of 7?
False
Is 8 a factor of (208/(-5))/(13*(-30)/10725)?
True
Let i(g) = -19*g**3 + 10*g**2 + 26*g + 51. Is i(-4) a multiple of 21?
True
Let h be 16/(-80) - 9/5 - 20. Let p(l) = l**2 + 27*l + 44. Let w be p(h). Is 14 a factor of w/44 - (-454)/4?
True
Let g = 40 + -24. Suppose -2*f = -4*s + g, -f = 5*s - 2*s - 2. Is 14 a factor of (-42 + 0)*(30/9 + f)?
True
Let d = -118 - -34. Is 33 a factor of (231/(-42))/(1/d)?
True
Let m(z) = -3174*z**3 + 9*z**2 - z - 2. Does 138 divide m(-1)?
False
Let a = 33 - 34. Let b be 1*(0/(-2) + 0)*a. Suppose b*c = -14*c + 434. Is c a multiple of 4?
False
Let f(t) = 39*t**2 - 221*t + 1133. Is f(5) a multiple of 32?
False
Let y = 1050 + 88. Let d = y - 406. Is 12 a factor of d?
True
Let a be (-56)/(-6) - 5 - 3/9. Suppose a*u = 0, -57 - 13 = -t - 4*u. Is t a multiple of 35?
True
Suppose 23127*l = 23090*l + 1383504. Is 164 a factor of l?
True
Suppose -24*p + 24*p - 49*p - 7546 = 0. Let n = 478 - 132. Let x = n + p. Is 16 a factor of x?
True
Suppose 4*y - 66728 = -g, -5*g + 5*y - 200247 = -8*g. Does 45 divide g?
False
Let z be 4 - 10 - (-2 + -143). Let d = z + 71. Does 10 divide d?
True
Let k(x) = -7*x - 28. Let q be k(-7). Does 9 divide (-4 - q/(-6))*(-127 + 1)?
True
Let j(l) = l**2 - 7*l - 15. Let q = 66 + -51. Let d be j(q). Suppose 2*t - d = 3*m, -4*m - 65 = -t - 0*t. Is t a multiple of 9?
True
Suppose -254*g + 1037696 = -416496 + 331004. Does 33 divide g?
True
Suppose -22*h + 31*h - 205458 = -13*h. Is 22 a factor of h?
False
Suppose 0 = 5*z - 5, -3*p = -4*z + 2*z - 13882. Is p a multiple of 6?
False
Suppose -4*r - 2*g + 5*g = 20, 0 = -r + g - 5. Let k(y) = -6*y - 4. Is 12 a factor of k(r)?
False
Suppose 30*g = 35*g + 25. Let u be 9*(2 + g)/(-3). Suppose -4*x + u*x = -4*p + 166, -2*p - 5*x = -78. Is p a multiple of 11?
True
Suppose y - 2644 = -w, -3*y + 10*w + 7936 = 11*w. Let m = y - 1638. Is m a multiple of 42?
True
Suppose -62405 = 134*c - 3930 - 449889. Does 17 divide c?
False
Let f(c) = 9*c**3 - 2*c**2 + 13*c - 54. Does 15 divide f(3)?
True
Suppose 13 + 17 = 6*d. Let q be -2 + -3 + d - 40*-1. Suppose -j + q = -24. Does 13 divide j?
False
Suppose 0 = 13*t - 12*t - 2*i - 10732, i = 5*t - 53588. Is t a multiple of 38?
True
Let f = -2 - -5. Suppose 3*y - 4*l = -0*y - 11, f*l = -2*y + 21. Suppose 3*p + 0*p - 5*g - 190 = 0, -202 = -y*p + 2*g. Does 7 divide p?
True
Let b(i) be the second derivative of -i**5/20 - i**4/2 + 4*i**3/3 + 4*i**2 + 8*i. Let y be b(-7). Is 12 a factor of 35/2 - (y + 15/(-6))?
False
Let b(d) = 3*d**2 + 9*d + 3. Let a be b(-4). Let g be (1 + (-85)/25)/(2/a). Is 13 a factor of (-3272)/g + (-36)/(-162)?
True
Does 5 divide (-38)/76*(-26836 - 6)?
False
Let z(w) = 242*w - 497. Is z(3) a multiple of 35?
False
Suppose -5*w = 1309 + 306. Let o = 453 + w. Is 14 a factor of o?
False
Let b(g) = 5*g**2 - 17*g - 3. Let s be b(6). Let o = -51 + s. Does 8 divide o?
True
Suppose y + 5*c = -3*y + 33061, 5*y + 5*c - 41320 = 0. Is y a multiple of 108?
False
Let z = -111 - -108. Let l be 143 + 5 + (z - -8). Suppose 5*o - 3*j = 336, 2*o = -7*j + 2*j + l. Is o a multiple of 39?
False
Let y(w) = w**2 - 15*w + 72. Suppose -18*r + 15*r + 4*l = 12, 4*r - l + 3 = 0. Is 2 a factor of y(r)?
True
Suppose -4*k + 2*r - 18 = -6*k, r = -2*k + 19. Suppose -l - 162 + k = -5*y, -5*y = -3*l - 156. Is 15 a factor of y?
True
Suppose -j = -15*j - 2*j + 6832. Is 5 a factor of j?
False
Let j be 4*(-6)/28*(-37 + 44). Is 1153/4 + -1 + j/(-8) a multiple of 18?
True
Let y = 41 - 26. Let z(g) = -5 - 20*g + y*g - 7 + 9*g. Is z(13) a multiple of 10?
True
Let t(p) = 6 - 14 + 36 + 2*p. Let k be t(-12). Suppose k*y + 35 = 119. Does 7 divide y?
True
Let y = -57690 + 89306. Is 26 a factor of y?
True
Let m(h) = -96*h - 654. Is m(-78) a multiple of 17?
True
Let k(a) = 33*a**2 + 58*a - 311. Is k(11) a multiple of 12?
True
Suppose -3*w - 31*w - 238 = 0. Let v(r) = -203*r - 194. Is 58 a factor of v(w)?
False
Let x be (-13)/(-65) - 108/(-10). Suppose 20*i - x*i = 324. Is i a multiple of 6?
True
Let v = -6814 + 20813. Is v a multiple of 16?
False
Let a(k) = -k**2 - 11*k - 6. Let j be a(-9). Let q be 27/(-15) - (j/(-15) - 0). Is -1*(5 + q) + 69 a multiple of 34?
False
Suppose 0 = 5*d + 2*o - 10994, -24*d + 26*d + 3*o - 4391 = 0. Is 5 a factor of d?
True
Let l be (-9 - (-12 + 42)) + -12. Let q be (-340)